{"id":29,"date":"2022-04-21T07:40:11","date_gmt":"2022-04-21T07:40:11","guid":{"rendered":"https:\/\/www.vcctachlovice.cz\/?page_id=29"},"modified":"2026-03-08T07:00:13","modified_gmt":"2026-03-08T07:00:13","slug":"prihlaska","status":"publish","type":"page","link":"https:\/\/www.vcctachlovice.cz\/index.php\/prihlaska\/","title":{"rendered":"P\u0159ihl\u00e1\u0161ka k 49. Tachlovick\u00e9mu troj\u00faheln\u00edku 2026, po\u0159\u00e1dan\u00e9m dne 6.9.2026"},"content":{"rendered":"\n\n<div class=\"wpcf7 no-js\" id=\"wpcf7-f4-o1\" lang=\"cs-CZ\" dir=\"ltr\" data-wpcf7-id=\"4\">\n<div class=\"screen-reader-response\"><p role=\"status\" aria-live=\"polite\" aria-atomic=\"true\"><\/p> <ul><\/ul><\/div>\n<form action=\"\/index.php\/wp-json\/wp\/v2\/pages\/29#wpcf7-f4-o1\" method=\"post\" class=\"wpcf7-form init\" aria-label=\"Kontaktn\u00ed formul\u00e1\u0159\" novalidate=\"novalidate\" data-status=\"init\">\n<fieldset class=\"hidden-fields-container\"><input type=\"hidden\" name=\"_wpcf7\" value=\"4\" \/><input type=\"hidden\" name=\"_wpcf7_version\" value=\"6.1.5\" \/><input type=\"hidden\" name=\"_wpcf7_locale\" value=\"cs_CZ\" \/><input type=\"hidden\" name=\"_wpcf7_unit_tag\" value=\"wpcf7-f4-o1\" \/><input type=\"hidden\" name=\"_wpcf7_container_post\" value=\"0\" \/><input type=\"hidden\" name=\"_wpcf7_posted_data_hash\" value=\"\" \/>\n<\/fieldset>\n<p>Jm\u00e9no a p\u0159\u00edjmen\u00ed:<br \/>\n<span class=\"wpcf7-form-control-wrap\" data-name=\"jmeno\"><input size=\"40\" maxlength=\"400\" class=\"wpcf7-form-control wpcf7-text\" aria-invalid=\"false\" value=\"\" type=\"text\" name=\"jmeno\" \/><\/span>\n<\/p>\n<p>Datum narozen\u00ed:<br \/>\n<span class=\"wpcf7-form-control-wrap\" data-name=\"datum\"><input size=\"40\" maxlength=\"400\" class=\"wpcf7-form-control wpcf7-text wpcf7-validates-as-required\" aria-required=\"true\" aria-invalid=\"false\" value=\"\" type=\"text\" name=\"datum\" \/><\/span>\n<\/p>\n<p>Adresa:<br \/>\n<span class=\"wpcf7-form-control-wrap\" data-name=\"adresa\"><input size=\"40\" maxlength=\"400\" class=\"wpcf7-form-control wpcf7-text wpcf7-validates-as-required\" aria-required=\"true\" aria-invalid=\"false\" value=\"\" type=\"text\" name=\"adresa\" \/><\/span>\n<\/p>\n<p>PS\u010c:<br \/>\n<span class=\"wpcf7-form-control-wrap\" data-name=\"psc\"><input size=\"40\" maxlength=\"400\" class=\"wpcf7-form-control wpcf7-text wpcf7-validates-as-required\" aria-required=\"true\" aria-invalid=\"false\" value=\"\" type=\"text\" name=\"psc\" \/><\/span>\n<\/p>\n<p>Telefon:<br \/>\n<span class=\"wpcf7-form-control-wrap\" data-name=\"telefon\"><input size=\"40\" maxlength=\"400\" class=\"wpcf7-form-control wpcf7-text wpcf7-validates-as-required\" aria-required=\"true\" aria-invalid=\"false\" value=\"\" type=\"text\" name=\"telefon\" \/><\/span>\n<\/p>\n<p>Email:<br \/>\n<span class=\"wpcf7-form-control-wrap\" data-name=\"mail\"><input size=\"40\" maxlength=\"400\" class=\"wpcf7-form-control wpcf7-email wpcf7-validates-as-required wpcf7-text wpcf7-validates-as-email\" aria-required=\"true\" aria-invalid=\"false\" value=\"\" type=\"email\" name=\"mail\" \/><\/span>\n<\/p>\n<p>\u010clen klubu:<br \/>\n<span class=\"wpcf7-form-control-wrap\" data-name=\"klub\"><input size=\"40\" maxlength=\"400\" class=\"wpcf7-form-control wpcf7-text\" aria-invalid=\"false\" value=\"\" type=\"text\" name=\"klub\" \/><\/span>\n<\/p>\n<p>Typ stroje:<br \/>\n<span class=\"wpcf7-form-control-wrap\" data-name=\"stroj\"><input size=\"40\" maxlength=\"400\" class=\"wpcf7-form-control wpcf7-text wpcf7-validates-as-required\" aria-required=\"true\" aria-invalid=\"false\" value=\"\" type=\"text\" name=\"stroj\" \/><\/span>\n<\/p>\n<p>SPZ (ZSPZ):<br \/>\n<span class=\"wpcf7-form-control-wrap\" data-name=\"spz\"><input size=\"40\" maxlength=\"400\" class=\"wpcf7-form-control wpcf7-text wpcf7-validates-as-required\" aria-required=\"true\" aria-invalid=\"false\" value=\"\" type=\"text\" name=\"spz\" \/><\/span>\n<\/p>\n<p>Rok v\u00fdroby:<br \/>\n<span class=\"wpcf7-form-control-wrap\" data-name=\"rokvyroby\"><input size=\"40\" maxlength=\"400\" class=\"wpcf7-form-control wpcf7-text wpcf7-validates-as-required\" aria-required=\"true\" aria-invalid=\"false\" value=\"\" type=\"text\" name=\"rokvyroby\" \/><\/span>\n<\/p>\n<p>Obsah (ccm):<br \/>\n<span class=\"wpcf7-form-control-wrap\" data-name=\"obsah\"><input size=\"40\" maxlength=\"400\" class=\"wpcf7-form-control wpcf7-text wpcf7-validates-as-required\" aria-required=\"true\" aria-invalid=\"false\" value=\"\" type=\"text\" name=\"obsah\" \/><\/span>\n<\/p>\n<p>Zvolen\u00e1 pr\u016fm. rychlost km\/h:<br \/>\n<span class=\"wpcf7-form-control-wrap\" data-name=\"rychlost\"><span class=\"wpcf7-form-control wpcf7-checkbox wpcf7-validates-as-required\"><span class=\"wpcf7-list-item first\"><input type=\"checkbox\" name=\"rychlost[]\" value=\"30\" \/><span class=\"wpcf7-list-item-label\">30<\/span><\/span><span class=\"wpcf7-list-item\"><input type=\"checkbox\" name=\"rychlost[]\" value=\"40\" \/><span class=\"wpcf7-list-item-label\">40<\/span><\/span><span class=\"wpcf7-list-item last\"><input type=\"checkbox\" name=\"rychlost[]\" value=\"50\" \/><span class=\"wpcf7-list-item-label\">50<\/span><\/span><\/span><\/span>\n<\/p>\n<p>Prohl\u00e1\u0161en\u00ed:<br \/>\nPotvrzujeme, \u017ee jsme se sezn\u00e1mili s propozicemi a jsme si v\u011bdomi, \u017ee se \u00fa\u010dastn\u00edme v\u00fd\u0161e uveden\u00e9ho sportovn\u00edho podniku na vlastn\u00ed nebezpe\u010d\u00ed, budeme se \u0159\u00eddit propozicemi, pokyny po\u0159adatel\u016f a v p\u0159\u00edpad\u011b po\u0161kozen\u00ed sebe, sv\u00fdch \u010dlen\u016f pos\u00e1dky nebo vozidla nebudeme po po\u0159adatel\u00edch vym\u00e1hat n\u00e1hradu \u0161kody.\n<\/p>\n<p><input class=\"wpcf7-form-control wpcf7-submit has-spinner\" type=\"submit\" value=\"Odeslat\" \/>\n<\/p><div class=\"wpcf7-response-output\" aria-hidden=\"true\"><\/div>\n<\/form>\n<\/div>\n\n\n\n\n<p class=\"has-text-align-center\"><strong>P\u0159ihl\u00e1\u0161ka k 49. Tachlovick\u00e9mu troj\u00faheln\u00edku 2026, po\u0159\u00e1dan\u00e9m dne 6.9.2026.<\/strong><\/p>\n\n\n\n<p><strong>PROPOZICE:<\/strong><\/p>\n\n\n\n<p><strong>Kategorie a zp\u016fsob j\u00edzdy:<\/strong><\/p>\n\n\n\n<p>Sout\u011b\u017e je ur\u010dena pro kategorie AUTO a MOTO. Na start sout\u011b\u017ee se \u0159ad\u00ed vozidla dle zvolen\u00fdch&nbsp;pr\u016fm\u011br\u016f bez rozd\u00edlu obsahu stroje. Zahajuj\u00ed vozidla s nejvy\u0161\u0161\u00ed pr\u016fm\u011brnou rychlost\u00ed. Ka\u017ed\u00e9&nbsp;vozidlo jede dvakr\u00e1t po jednom kole. V sout\u011b\u017ei MOTO je start po dvou stroj\u00edch&nbsp;v 0,5 minutov\u00fdch intervalech. V kategorii AUTO je start po jednom stroji v 0,5 minutov\u00fdch&nbsp;intervalech. Bezd\u016fvodn\u00e9 zastaven\u00ed na trati nen\u00ed dovoleno \u2013 diskvalifikace jezdce.&nbsp;D\u00e9lka uzav\u0159en\u00e9 trat\u011b je 4 km, p\u0159ev\u00fd\u0161en\u00ed 39 m. Zvolen\u00e1 pr\u016fm\u011brn\u00e1 rychlost a \u010das jednoho kola:&nbsp;30 km\/h \u2013 8 min 40 km\/h \u2013 6 min 50 km\/h \u2013 4,48 min<\/p>\n\n\n\n<p><strong>Hodnocen\u00ed:<\/strong><\/p>\n\n\n\n<p>V\u00edt\u011bzem se st\u00e1v\u00e1 jezdec, kter\u00fd dos\u00e1hne ide\u00e1ln\u00edho \u010dasu = +\/- nula, p\u0159\u00edpadn\u011b s nejni\u017e\u0161\u00edm po\u010dtem&nbsp;trestn\u00fdch bod\u016f. Ka\u017ed\u00e1 vte\u0159ina p\u0159ed\u010dasn\u00e9ho nebo pozdn\u00edho p\u0159\u00edjezdu je trest\u00e1na 1 trestn\u00fdm&nbsp;bodem. P\u0159i rovnosti \u010das\u016f sou\u010dtem obou j\u00edzd rozhoduje:<\/p>\n\n\n\n<p><strong>1. St\u00e1\u0159\u00ed vozidla<\/strong><\/p>\n\n\n\n<p><strong>2. Men\u0161\u00ed obsah v\u00e1lc\u016f<\/strong><\/p>\n\n\n\n<p><strong>3. Vy\u0161\u0161\u00ed rychlostn\u00ed pr\u016fm\u011br<\/strong><\/p>\n\n\n\n<p><strong>4. Los<\/strong><\/p>\n\n\n\n<p>V ka\u017ed\u00e9 kategorii budou hodnoceni prvn\u00ed 3 sout\u011b\u017en\u00ed jezdci a d\u00e1le pak 3 nej\u00fasp\u011b\u0161n\u011bj\u0161\u00ed \u017eeny,&nbsp;nejstar\u0161\u00ed vozidlo a nejstar\u0161\u00ed jezdec.<\/p>\n\n\n\n<p><strong>Vklad:<\/strong><\/p>\n\n\n\n<p>Za motocykl je vklad 400,- K\u010d, za automobil 500,- K\u010d. Vozidla vyroben\u00e1 p\u0159ed rokem 1920 vklad neplat\u00ed. Vozidla vyroben\u00e1 po roce 1960 a mlad\u0161\u00ed plat\u00ed zv\u00fd\u0161en\u00e9 startovn\u00e9 ve v\u00fd\u0161i 1000,- K\u010d. Z vkladu plat\u00ed po\u0159adatel ceny pro v\u00edt\u011bze a ob\u010derstven\u00ed pro jezdce. Vklad se plat\u00ed p\u0159i p\u0159ej\u00edmce vozidla. Lidov\u00e1 tvo\u0159ivost a pseudorepliky se nep\u0159ij\u00edmaj\u00ed.<\/p>\n\n\n\n<p><strong>\u010casov\u00fd rozvrh:<\/strong><\/p>\n\n\n\n<p><strong>7.30 \u2013 11.00 p\u0159ej\u00edmka<\/strong><\/p>\n\n\n\n<p><strong>9.00 \u2013 12.00 v\u00fdstava pravidelnosti<\/strong><\/p>\n\n\n\n<p><strong>11.30 \u2013 11.45 rozprava s jezdci<\/strong><\/p>\n\n\n\n<p><strong>13.00 \u2013 16.00 j\u00edzdy<\/strong><\/p>\n\n\n\n<p><strong>17.00 \u2013 18.00 vyhl\u00e1\u0161en\u00ed v\u00fdsledk\u016f<\/strong><\/p>\n\n\n\n<p><strong>Protest:<\/strong><\/p>\n\n\n\n<p>Protesty se pod\u00e1vaj\u00ed p\u00edsemn\u011b \u0159editeli sout\u011b\u017ee do 30 minut po skon\u010den\u00ed z\u00e1vodu.&nbsp;Protest nutno podlo\u017eit vkladem ve v\u00fd\u0161i 1000,- K\u010d.&nbsp;Z\u00e1v\u011bre\u010dn\u00e9 ustanoven\u00ed: J\u00edzdy se \u00fa\u010dastn\u00ed ka\u017ed\u00fd jezdec na vlastn\u00ed zodpov\u011bdnost a vlastn\u00ed&nbsp;n\u00e1klady. Pod\u00e1n\u00edm p\u0159ihl\u00e1\u0161ky se jezdec zavazuje k dodr\u017een\u00ed v\u0161ech p\u0159edpis\u016f a vzd\u00e1v\u00e1 se n\u00e1hrady&nbsp;\u0161kod po\u0159adatelem na zdrav\u00ed i majetku zp\u016fsoben\u00e9m jemu sam\u00e9mu i t\u0159et\u00edm osob\u00e1m.<\/p>\n\n\n\n<p>Ond\u0159ej Vo\u0161ta (\u0159editel sout\u011b\u017ee)<\/p>\n\n\n\n<p>______________________________________________________________________________________________________________________<\/p>\n\n\n\n<p><strong>ZVL\u00c1\u0160TN\u00cd USTANOVEN\u00cd:<\/strong><\/p>\n\n\n\n<p><strong>Po\u0159adatel: Veteran Car Club Tachlovice v A\u010cR<\/strong><\/p>\n\n\n\n<p>Jakubsk\u00e1 n\u00e1ves 8, 252 17 Tachlovice<\/p>\n\n\n\n<p>Registra\u010dn\u00ed \u010d\u00edslo spolku : 588, I\u010c: 72047836<\/p>\n\n\n\n<p><strong>Druh sportovn\u00edho podniku:<\/strong><\/p>\n\n\n\n<p>J\u00edzda pravidelnosti historick\u00fdch vozidel s hlavn\u00edm posl\u00e1n\u00edm seznamovat \u0161irokou ve\u0159ejnost s&nbsp;v\u00fdrobn\u00ed tradic\u00ed, umem a vynal\u00e9zavost\u00ed na\u0161ich p\u0159edk\u016f a dovednost\u00ed dne\u0161n\u00edch renov\u00e1tor\u016f a&nbsp;sout\u011b\u017en\u00edch jezdc\u016f.<\/p>\n\n\n\n<p><strong>Organiza\u010dn\u00ed v\u00fdbor:<\/strong><\/p>\n\n\n\n<p><strong>\u0159editel z\u00e1vodu: Ond\u0159ej Vo\u0161ta<\/strong><\/p>\n\n\n\n<p><strong>hlavn\u00ed po\u0159adatel: Petr \u0160af\u00e1\u0159<\/strong><\/p>\n\n\n\n<p><strong>evidence p\u0159ihl\u00e1\u0161ek: Helena Kluiberov\u00e1<\/strong><\/p>\n\n\n\n<p><strong>hospod\u00e1\u0159ka: Lenka Hul\u00edkov\u00e1<\/strong><\/p>\n\n\n\n<p><strong>ved. trat\u011b: Ji\u0159\u00ed Chroust, Martin Chalupa<\/strong><\/p>\n\n\n\n<p><strong>ved. parkovi\u0161t\u011b: Ji\u0159\u00ed Brabec, Petr Vodslo\u0148<\/strong><\/p>\n\n\n\n<p><strong>start: Karel \u0160vejnoha, Ji\u0159\u00ed Charv\u00e1t<\/strong><\/p>\n\n\n\n<p><strong>m\u011b\u0159en\u00ed \u010dasu: \u010dasom\u011b\u0159. sk. \u00daAMKu<\/strong><\/p>\n\n\n\n<p><strong>\u00da\u010dast:<\/strong><\/p>\n\n\n\n<p>J\u00edzdy se mohou z\u00fa\u010dastnit vozidla vyroben\u00e1 do roku 1960, speci\u00e1ly i mlad\u0161\u00ed, mimo t\u011b\u017ek\u00e9&nbsp;pracovn\u00ed n\u00e1kladn\u00ed automobily (kat. A, B, C, D, E). Vozidla mlad\u0161\u00ed ne\u017e rok v\u00fdroby 1960 plat\u00ed&nbsp;zv\u00fd\u0161en\u00e9 startovn\u00e9 1000 K\u010d, vyjma z\u00e1vodn\u00edch speci\u00e1l\u016f. Po\u0159adatel\u00e9 si vyhrazuj\u00ed mo\u017enost v\u00fdb\u011bru.<\/p>\n\n\n\n<p><strong>P\u0159ihl\u00e1\u0161ky:<\/strong><\/p>\n\n\n\n<p>P\u0159ihl\u00e1\u0161ku lze vyplnit elektronicky na str\u00e1nk\u00e1ch <a href=\"https:\/\/www.vcctachlovice.cz\/index.php\/prihlaska\/\">www.vcctachlovice.cz<\/a> nebo zaslat p\u0159ilo\u017eenou&nbsp;p\u0159ihl\u00e1\u0161ku po\u0161tou na adresu:<\/p>\n\n\n\n<p><strong>Ond\u0159ej Vo\u0161ta, Mo\u0159ina 9, 267 17, Mo\u0159ina.<\/strong><\/p>\n\n\n\n<p><strong>Uz\u00e1v\u011brka p\u0159ihl\u00e1\u0161ek je 19. 8. 2026.<\/strong><\/p>\n\n\n\n<p><strong>V p\u0159ihl\u00e1\u0161ce je nutno uv\u00e9st zvolen\u00fd rychlostn\u00ed pr\u016fm\u011br v km\/h (30, 40, 50 km\/h).<\/strong><\/p>\n\n\n\n<p><strong>Vybaven\u00ed \u00fa\u010dastn\u00edk\u016f a vozidel:<\/strong><\/p>\n\n\n\n<p>Jezdci na motocyklu mus\u00ed b\u00fdt vybaveni p\u0159ilbami, rukavicemi a motoristickou ko\u017eenou obuv\u00ed.&nbsp;Dobov\u00e9 od\u011bvy jsou v\u00edt\u00e1ny. Nen\u00ed dovoleno pou\u017e\u00edv\u00e1n\u00ed jak\u00fdchkoliv prost\u0159edk\u016f k m\u011b\u0159en\u00ed \u010dasu.&nbsp;Sout\u011b\u017ee se mohou z\u00fa\u010dastnit historick\u00e1 vozidla, kter\u00e1 jsou \u0159\u00e1dn\u011b registrov\u00e1na a otestov\u00e1na&nbsp;testa\u010dn\u00edmi komisemi, i vozidla s registra\u010dn\u00ed zna\u010dkou.<\/p>\n\n\n\n<p><strong>P\u0159ej\u00edmka:<\/strong><\/p>\n\n\n\n<p>Technick\u00e1 p\u0159ej\u00edmka se uskute\u010dn\u00ed v den z\u00e1vodu \u2013 6.9.2026 \u2013 v prostor\u00e1ch m\u00edstn\u00ed Z\u0160 od 7.30 do 11.00 hodin. <strong><span class=\"dn\">P\u0159i<\/span> p<span class=\"dn\">\u0159<\/span>ej<span class=\"dn\">\u00ed<\/span>mce p<span class=\"dn\">\u0159<\/span>edlo<span class=\"dn\">\u017e\u00ed <\/span>ka<span class=\"dn\">\u017e<\/span>d<span class=\"dn\">\u00fd \u00fa\u010d<\/span>astn<span class=\"dn\">\u00ed<\/span>k <span class=\"dn\">\u0159<\/span>idi<span class=\"dn\">\u010d<\/span>sk<span class=\"dn\">\u00fd <\/span>pr<span class=\"dn\">\u016f<\/span>kaz a doklady od vozidla, tj. platn<span class=\"dn\">\u00fd <\/span>technick<span class=\"dn\">\u00fd <\/span>pr<span class=\"dn\">\u016f<\/span>kaz (ORV) nebo <span class=\"dn\">pr\u016fkaz <\/span>historick<span class=\"dn\">\u00e9<\/span>ho <span class=\"dn\">vozidla s&nbsp;platnou testac\u00ed v&nbsp;dob\u011b kon\u00e1n\u00ed z\u00e1vodu.<\/span><\/strong><\/p>\n\n\n\n<p>&nbsp;<\/p>\n","protected":false},"excerpt":{"rendered":"<p>P\u0159ihl\u00e1\u0161ka k 49. Tachlovick\u00e9mu troj\u00faheln\u00edku 2026, po\u0159\u00e1dan\u00e9m dne 6.9.2026. PROPOZICE: Kategorie a zp\u016fsob j\u00edzdy: Sout\u011b\u017e je ur\u010dena pro kategorie AUTO a MOTO. Na start sout\u011b\u017ee se \u0159ad\u00ed vozidla dle zvolen\u00fdch&nbsp;pr\u016fm\u011br\u016f bez rozd\u00edlu obsahu stroje. Zahajuj\u00ed vozidla s nejvy\u0161\u0161\u00ed pr\u016fm\u011brnou rychlost\u00ed. Ka\u017ed\u00e9&nbsp;vozidlo jede dvakr\u00e1t po jednom kole. V sout\u011b\u017ei MOTO je start po dvou stroj\u00edch&nbsp;v 0,5 [&hellip;]<\/p>\n","protected":false},"author":15,"featured_media":608,"parent":0,"menu_order":0,"comment_status":"closed","ping_status":"closed","template":"template-fullwidth.php","meta":{"footnotes":""},"class_list":["post-29","page","type-page","status-publish","has-post-thumbnail","hentry"],"_links":{"self":[{"href":"https:\/\/www.vcctachlovice.cz\/index.php\/wp-json\/wp\/v2\/pages\/29","targetHints":{"allow":["GET"]}}],"collection":[{"href":"https:\/\/www.vcctachlovice.cz\/index.php\/wp-json\/wp\/v2\/pages"}],"about":[{"href":"https:\/\/www.vcctachlovice.cz\/index.php\/wp-json\/wp\/v2\/types\/page"}],"author":[{"embeddable":true,"href":"https:\/\/www.vcctachlovice.cz\/index.php\/wp-json\/wp\/v2\/users\/15"}],"replies":[{"embeddable":true,"href":"https:\/\/www.vcctachlovice.cz\/index.php\/wp-json\/wp\/v2\/comments?post=29"}],"version-history":[{"count":74,"href":"https:\/\/www.vcctachlovice.cz\/index.php\/wp-json\/wp\/v2\/pages\/29\/revisions"}],"predecessor-version":[{"id":1360,"href":"https:\/\/www.vcctachlovice.cz\/index.php\/wp-json\/wp\/v2\/pages\/29\/revisions\/1360"}],"wp:featuredmedia":[{"embeddable":true,"href":"https:\/\/www.vcctachlovice.cz\/index.php\/wp-json\/wp\/v2\/media\/608"}],"wp:attachment":[{"href":"https:\/\/www.vcctachlovice.cz\/index.php\/wp-json\/wp\/v2\/media?parent=29"}],"curies":[{"name":"wp","href":"https:\/\/api.w.org\/{rel}","templated":true}]}}